{"version":"1.0","provider_name":"WACOCA NEWS","provider_url":"https:\/\/www.wacoca.com\/news","author_name":"WACOCA News Editor","author_url":"https:\/\/www.wacoca.com\/news\/author\/wacoca-news-editor\/","title":"\u30d6\u30e9\u30b8\u30eb\u5927\u4f7f\u9928\u306f\u3001\u5927\u5909\u5b09\u3057\u3044\u7279\u5225\u306a\u5e78\u904b\u306b\u6075\u307e\u308c\u307e\u3057\u305f\u3002\u8457\u540d\u306a\u65e5\u7cfb\u30d6\u30e9\u30b8\u30eb\u4eba\u82b8\u8853\u5bb6\u3001\u30de\u30ca\u30d6\u30fb\u30de\u30d9\u6c0f\u304a\u3088\u3073\u30e6\u30fc\u30b4\u30fb\u30de\u30d9\u6c0f\u306e\u7248\u753b\u306e\u5bc4\u8d08\u3092\u8cdc\u308a\u307e\u3057\u305f\u3002\n\u62bd\u8c61\u753b\u306e\u5de8\u5320 \u30de\u30ca\u30d6\u30fb\u30de\u30d9\u6c0f\u3001\u305d\u3057\u3066\u305d\u306e\u5b50\u606f\u3067\u3042\u308a\u3001\u7d75\u753b\u306b\u304a\u3051\u308b\u611f\u6027\u3068\u8a69\u7684\u306a\u529b\u5f37\u3055\u304c\u9ad8\u304f\u8a55\u4fa1\u3055\u308c\u3066\u3044\u308b\u30e6\u30fc\u30b4\u30fb\u30de\u30d9\u6c0f\u306f\u3001\u305d\u306e\u9bae\u3084\u304b\u3067\u72ec\u7279\u306a\u4f5c\u54c1\u3067\u4e16\u4ee3\u3092\u8d85\u3048\u305f\u5f71\u97ff\u529b\u3092\u53ca\u307c\u3057\u3066\u3044\u307e\u3059\u3002\n\u4eca\u56de\u306e\u5bc4\u8d08\u306f\u3001\u30de\u30ca\u30d6\u6c0f\u306e\u4ee4\u5b6b\u3067\u30e6\u30fc\u30b4\u6c0f\u306e\u5b50\u606f\u3067\u3042\u308b\u30e6\u30fc\u30b4\u30fb\u30de\u30d9\u30fb\u30b8\u30e5\u30cb\u30aa\u30eb\u6c0f\uff08@yugojr\uff09\u304c\u30011\u670822\u65e5\u306b\u5f53\u5927\u4f7f\u9928\u3092\u76f4\u63a5\u8a2a\u308c\u3001\u6b63\u5f0f\u306b\u8d08\u5448\u3057\u3066\u4e0b\u3055\u3063\u305f\u3053\u3068\u304b\u3089\u3001\u3055\u3089\u306b\u7279\u5225\u306a\u610f\u5473\u3092\u3082\u3064\u3082\u306e\u3068\u306a\u308a\u307e\u3057\u305f\u3002\n\u5f53\u9928\u306b\u91cd\u8981\u306a\u82b8\u8853\u7684\u907a\u7523\u3092\u4fdd\u5b58\u30fb\u5171\u6709\u3059\u308b\u6a5f\u4f1a\u3092\u4e0e\u3048\u3066\u304f\u3060\u3055\u3063\u305f\u3054\u539a\u610f\u306b\u3001\u5fc3\u3088\u308a\u611f\u8b1d\u7533\u3057\u4e0a\u3052\u307e\u3059\u3002 .\nCelebramos um momento especial para a Embaixada: recebemos a doa\u00e7\u00e3o de gravuras dos renomados artistas Manabu Mabe e Yugo Mabe, dois grandes artistas nipo-brasileiros.\nManabu Mabe, refer\u00eancia na arte abstrata, e seu filho Yugo Mabe, reconhecido por sua sensibilidade e for\u00e7a po\u00e9tica na pintura, marcaram gera\u00e7\u00f5es com suas obras vibrantes e singulares.\nA doa\u00e7\u00e3o teve um significado ainda mais especial por terem sido entregues pessoalmente por Yugo Mabe Junior (@yugojr), neto e filho dos artistas, que visitou a Embaixada no dia 22 de janeiro para entregar as obras.\nAgradecemos profundamente a generosidade e a oportunidade de preservar e compartilhar esse legado art\u00edstico t\u00e3o importante. | \u99d0\u65e5\u30d6\u30e9\u30b8\u30eb\u5927\u4f7f\u9928","type":"rich","width":600,"height":338,"html":"<blockquote class=\"wp-embedded-content\" data-secret=\"QOFvuFJxSy\"><a href=\"https:\/\/www.wacoca.com\/news\/2762071\/\">\u30d6\u30e9\u30b8\u30eb\u5927\u4f7f\u9928\u306f\u3001\u5927\u5909\u5b09\u3057\u3044\u7279\u5225\u306a\u5e78\u904b\u306b\u6075\u307e\u308c\u307e\u3057\u305f\u3002\u8457\u540d\u306a\u65e5\u7cfb\u30d6\u30e9\u30b8\u30eb\u4eba\u82b8\u8853\u5bb6\u3001\u30de\u30ca\u30d6\u30fb\u30de\u30d9\u6c0f\u304a\u3088\u3073\u30e6\u30fc\u30b4\u30fb\u30de\u30d9\u6c0f\u306e\u7248\u753b\u306e\u5bc4\u8d08\u3092\u8cdc\u308a\u307e\u3057\u305f\u3002\n\u62bd\u8c61\u753b\u306e\u5de8\u5320 \u30de\u30ca\u30d6\u30fb\u30de\u30d9\u6c0f\u3001\u305d\u3057\u3066\u305d\u306e\u5b50\u606f\u3067\u3042\u308a\u3001\u7d75\u753b\u306b\u304a\u3051\u308b\u611f\u6027\u3068\u8a69\u7684\u306a\u529b\u5f37\u3055\u304c\u9ad8\u304f\u8a55\u4fa1\u3055\u308c\u3066\u3044\u308b\u30e6\u30fc\u30b4\u30fb\u30de\u30d9\u6c0f\u306f\u3001\u305d\u306e\u9bae\u3084\u304b\u3067\u72ec\u7279\u306a\u4f5c\u54c1\u3067\u4e16\u4ee3\u3092\u8d85\u3048\u305f\u5f71\u97ff\u529b\u3092\u53ca\u307c\u3057\u3066\u3044\u307e\u3059\u3002\n\u4eca\u56de\u306e\u5bc4\u8d08\u306f\u3001\u30de\u30ca\u30d6\u6c0f\u306e\u4ee4\u5b6b\u3067\u30e6\u30fc\u30b4\u6c0f\u306e\u5b50\u606f\u3067\u3042\u308b\u30e6\u30fc\u30b4\u30fb\u30de\u30d9\u30fb\u30b8\u30e5\u30cb\u30aa\u30eb\u6c0f\uff08@yugojr\uff09\u304c\u30011\u670822\u65e5\u306b\u5f53\u5927\u4f7f\u9928\u3092\u76f4\u63a5\u8a2a\u308c\u3001\u6b63\u5f0f\u306b\u8d08\u5448\u3057\u3066\u4e0b\u3055\u3063\u305f\u3053\u3068\u304b\u3089\u3001\u3055\u3089\u306b\u7279\u5225\u306a\u610f\u5473\u3092\u3082\u3064\u3082\u306e\u3068\u306a\u308a\u307e\u3057\u305f\u3002\n\u5f53\u9928\u306b\u91cd\u8981\u306a\u82b8\u8853\u7684\u907a\u7523\u3092\u4fdd\u5b58\u30fb\u5171\u6709\u3059\u308b\u6a5f\u4f1a\u3092\u4e0e\u3048\u3066\u304f\u3060\u3055\u3063\u305f\u3054\u539a\u610f\u306b\u3001\u5fc3\u3088\u308a\u611f\u8b1d\u7533\u3057\u4e0a\u3052\u307e\u3059\u3002 .\nCelebramos um momento especial para a Embaixada: recebemos a doa\u00e7\u00e3o de gravuras dos renomados artistas Manabu Mabe e Yugo Mabe, dois grandes artistas nipo-brasileiros.\nManabu Mabe, refer\u00eancia na arte abstrata, e seu filho Yugo Mabe, reconhecido por sua sensibilidade e for\u00e7a po\u00e9tica na pintura, marcaram gera\u00e7\u00f5es com suas obras vibrantes e singulares.\nA doa\u00e7\u00e3o teve um significado ainda mais especial por terem sido entregues pessoalmente por Yugo Mabe Junior (@yugojr), neto e filho dos artistas, que visitou a Embaixada no dia 22 de janeiro para entregar as obras.\nAgradecemos profundamente a generosidade e a oportunidade de preservar e compartilhar esse legado art\u00edstico t\u00e3o importante. | \u99d0\u65e5\u30d6\u30e9\u30b8\u30eb\u5927\u4f7f\u9928<\/a><\/blockquote><iframe sandbox=\"allow-scripts\" security=\"restricted\" src=\"https:\/\/www.wacoca.com\/news\/2762071\/embed\/#?secret=QOFvuFJxSy\" width=\"600\" height=\"338\" title=\"&#8220;\u30d6\u30e9\u30b8\u30eb\u5927\u4f7f\u9928\u306f\u3001\u5927\u5909\u5b09\u3057\u3044\u7279\u5225\u306a\u5e78\u904b\u306b\u6075\u307e\u308c\u307e\u3057\u305f\u3002\u8457\u540d\u306a\u65e5\u7cfb\u30d6\u30e9\u30b8\u30eb\u4eba\u82b8\u8853\u5bb6\u3001\u30de\u30ca\u30d6\u30fb\u30de\u30d9\u6c0f\u304a\u3088\u3073\u30e6\u30fc\u30b4\u30fb\u30de\u30d9\u6c0f\u306e\u7248\u753b\u306e\u5bc4\u8d08\u3092\u8cdc\u308a\u307e\u3057\u305f\u3002\n\u62bd\u8c61\u753b\u306e\u5de8\u5320 \u30de\u30ca\u30d6\u30fb\u30de\u30d9\u6c0f\u3001\u305d\u3057\u3066\u305d\u306e\u5b50\u606f\u3067\u3042\u308a\u3001\u7d75\u753b\u306b\u304a\u3051\u308b\u611f\u6027\u3068\u8a69\u7684\u306a\u529b\u5f37\u3055\u304c\u9ad8\u304f\u8a55\u4fa1\u3055\u308c\u3066\u3044\u308b\u30e6\u30fc\u30b4\u30fb\u30de\u30d9\u6c0f\u306f\u3001\u305d\u306e\u9bae\u3084\u304b\u3067\u72ec\u7279\u306a\u4f5c\u54c1\u3067\u4e16\u4ee3\u3092\u8d85\u3048\u305f\u5f71\u97ff\u529b\u3092\u53ca\u307c\u3057\u3066\u3044\u307e\u3059\u3002\n\u4eca\u56de\u306e\u5bc4\u8d08\u306f\u3001\u30de\u30ca\u30d6\u6c0f\u306e\u4ee4\u5b6b\u3067\u30e6\u30fc\u30b4\u6c0f\u306e\u5b50\u606f\u3067\u3042\u308b\u30e6\u30fc\u30b4\u30fb\u30de\u30d9\u30fb\u30b8\u30e5\u30cb\u30aa\u30eb\u6c0f\uff08@yugojr\uff09\u304c\u30011\u670822\u65e5\u306b\u5f53\u5927\u4f7f\u9928\u3092\u76f4\u63a5\u8a2a\u308c\u3001\u6b63\u5f0f\u306b\u8d08\u5448\u3057\u3066\u4e0b\u3055\u3063\u305f\u3053\u3068\u304b\u3089\u3001\u3055\u3089\u306b\u7279\u5225\u306a\u610f\u5473\u3092\u3082\u3064\u3082\u306e\u3068\u306a\u308a\u307e\u3057\u305f\u3002\n\u5f53\u9928\u306b\u91cd\u8981\u306a\u82b8\u8853\u7684\u907a\u7523\u3092\u4fdd\u5b58\u30fb\u5171\u6709\u3059\u308b\u6a5f\u4f1a\u3092\u4e0e\u3048\u3066\u304f\u3060\u3055\u3063\u305f\u3054\u539a\u610f\u306b\u3001\u5fc3\u3088\u308a\u611f\u8b1d\u7533\u3057\u4e0a\u3052\u307e\u3059\u3002 .\nCelebramos um momento especial para a Embaixada: recebemos a doa\u00e7\u00e3o de gravuras dos renomados artistas Manabu Mabe e Yugo Mabe, dois grandes artistas nipo-brasileiros.\nManabu Mabe, refer\u00eancia na arte abstrata, e seu filho Yugo Mabe, reconhecido por sua sensibilidade e for\u00e7a po\u00e9tica na pintura, marcaram gera\u00e7\u00f5es com suas obras vibrantes e singulares.\nA doa\u00e7\u00e3o teve um significado ainda mais especial por terem sido entregues pessoalmente por Yugo Mabe Junior (@yugojr), neto e filho dos artistas, que visitou a Embaixada no dia 22 de janeiro para entregar as obras.\nAgradecemos profundamente a generosidade e a oportunidade de preservar e compartilhar esse legado art\u00edstico t\u00e3o importante. | \u99d0\u65e5\u30d6\u30e9\u30b8\u30eb\u5927\u4f7f\u9928&#8221; &#8212; WACOCA NEWS\" data-secret=\"QOFvuFJxSy\" frameborder=\"0\" marginwidth=\"0\" marginheight=\"0\" scrolling=\"no\" class=\"wp-embedded-content\"><\/iframe><script type=\"text\/javascript\">\n\/* <![CDATA[ *\/\n\/*! This file is auto-generated *\/\n!function(d,l){\"use strict\";l.querySelector&&d.addEventListener&&\"undefined\"!=typeof URL&&(d.wp=d.wp||{},d.wp.receiveEmbedMessage||(d.wp.receiveEmbedMessage=function(e){var t=e.data;if((t||t.secret||t.message||t.value)&&!\/[^a-zA-Z0-9]\/.test(t.secret)){for(var s,r,n,a=l.querySelectorAll('iframe[data-secret=\"'+t.secret+'\"]'),o=l.querySelectorAll('blockquote[data-secret=\"'+t.secret+'\"]'),c=new RegExp(\"^https?:$\",\"i\"),i=0;i<o.length;i++)o[i].style.display=\"none\";for(i=0;i<a.length;i++)s=a[i],e.source===s.contentWindow&&(s.removeAttribute(\"style\"),\"height\"===t.message?(1e3<(r=parseInt(t.value,10))?r=1e3:~~r<200&&(r=200),s.height=r):\"link\"===t.message&&(r=new URL(s.getAttribute(\"src\")),n=new URL(t.value),c.test(n.protocol))&&n.host===r.host&&l.activeElement===s&&(d.top.location.href=t.value))}},d.addEventListener(\"message\",d.wp.receiveEmbedMessage,!1),l.addEventListener(\"DOMContentLoaded\",function(){for(var e,t,s=l.querySelectorAll(\"iframe.wp-embedded-content\"),r=0;r<s.length;r++)(t=(e=s[r]).getAttribute(\"data-secret\"))||(t=Math.random().toString(36).substring(2,12),e.src+=\"#?secret=\"+t,e.setAttribute(\"data-secret\",t)),e.contentWindow.postMessage({message:\"ready\",secret:t},\"*\")},!1)))}(window,document);\n\/\/# sourceURL=https:\/\/www.wacoca.com\/news\/wp-includes\/js\/wp-embed.min.js\n\/* ]]> *\/\n<\/script>\n","thumbnail_url":"https:\/\/www.wacoca.com\/news\/wp-content\/uploads\/2026\/02\/628005710_4079523239026214_2887387780969680112_n.jpg","thumbnail_width":600,"thumbnail_height":1065}

ブラジル大使館は、大変嬉しい特別な幸運に恵まれました。著名な日系ブラジル人芸術家、マナブ・マベ氏およびユーゴ・マベ氏の版画の寄贈を賜りました。
抽象画の巨匠 マナブ・マベ氏、そしてその子息であり、絵画における感性と詩的な力強さが高く評価されているユーゴ・マベ氏は、その鮮やかで独特な作品で世代を超えた影響力を及ぼしています。
今回の寄贈は、マナブ氏の令孫でユーゴ氏の子息であるユーゴ・マベ・ジュニオル氏（@yugojr）が、1月22日に当大使館を直接訪れ、正式に贈呈して下さったことから、さらに特別な意味をもつものとなりました。
当館に重要な芸術的遺産を保存・共有する機会を与えてくださったご厚意に、心より感謝申し上げます。 .
Celebramos um momento especial para a Embaixada: recebemos a doação de gravuras dos renomados artistas Manabu Mabe e Yugo Mabe, dois grandes artistas nipo-brasileiros.
Manabu Mabe, referência na arte abstrata, e seu filho Yugo Mabe, reconhecido por sua sensibilidade e força poética na pintura, marcaram gerações com suas obras vibrantes e singulares.
A doação teve um significado ainda mais especial por terem sido entregues pessoalmente por Yugo Mabe Junior (@yugojr), neto e filho dos artistas, que visitou a Embaixada no dia 22 de janeiro para entregar as obras.
Agradecemos profundamente a generosidade e a oportunidade de preservar e compartilhar esse legado artístico tão importante. | 駐日ブラジル大使館

<blockquote class="wp-embedded-content" data-secret="QOFvuFJxSy"><a href="https://www.wacoca.com/news/2762071/">ブラジル大使館は、大変嬉しい特別な幸運に恵まれました。著名な日系ブラジル人芸術家、マナブ・マベ氏およびユーゴ・マベ氏の版画の寄贈を賜りました。
抽象画の巨匠 マナブ・マベ氏、そしてその子息であり、絵画における感性と詩的な力強さが高く評価されているユーゴ・マベ氏は、その鮮やかで独特な作品で世代を超えた影響力を及ぼしています。
今回の寄贈は、マナブ氏の令孫でユーゴ氏の子息であるユーゴ・マベ・ジュニオル氏（@yugojr）が、1月22日に当大使館を直接訪れ、正式に贈呈して下さったことから、さらに特別な意味をもつものとなりました。
当館に重要な芸術的遺産を保存・共有する機会を与えてくださったご厚意に、心より感謝申し上げます。 .
Celebramos um momento especial para a Embaixada: recebemos a doação de gravuras dos renomados artistas Manabu Mabe e Yugo Mabe, dois grandes artistas nipo-brasileiros.
Manabu Mabe, referência na arte abstrata, e seu filho Yugo Mabe, reconhecido por sua sensibilidade e força poética na pintura, marcaram gerações com suas obras vibrantes e singulares.
A doação teve um significado ainda mais especial por terem sido entregues pessoalmente por Yugo Mabe Junior (@yugojr), neto e filho dos artistas, que visitou a Embaixada no dia 22 de janeiro para entregar as obras.
Agradecemos profundamente a generosidade e a oportunidade de preservar e compartilhar esse legado artístico tão importante. | 駐日ブラジル大使館</a></blockquote><iframe sandbox="allow-scripts" security="restricted" src="https://www.wacoca.com/news/2762071/embed/#?secret=QOFvuFJxSy" width="600" height="338" title="&#8220;ブラジル大使館は、大変嬉しい特別な幸運に恵まれました。著名な日系ブラジル人芸術家、マナブ・マベ氏およびユーゴ・マベ氏の版画の寄贈を賜りました。
抽象画の巨匠 マナブ・マベ氏、そしてその子息であり、絵画における感性と詩的な力強さが高く評価されているユーゴ・マベ氏は、その鮮やかで独特な作品で世代を超えた影響力を及ぼしています。
今回の寄贈は、マナブ氏の令孫でユーゴ氏の子息であるユーゴ・マベ・ジュニオル氏（@yugojr）が、1月22日に当大使館を直接訪れ、正式に贈呈して下さったことから、さらに特別な意味をもつものとなりました。
当館に重要な芸術的遺産を保存・共有する機会を与えてくださったご厚意に、心より感謝申し上げます。 .
Celebramos um momento especial para a Embaixada: recebemos a doação de gravuras dos renomados artistas Manabu Mabe e Yugo Mabe, dois grandes artistas nipo-brasileiros.
Manabu Mabe, referência na arte abstrata, e seu filho Yugo Mabe, reconhecido por sua sensibilidade e força poética na pintura, marcaram gerações com suas obras vibrantes e singulares.
A doação teve um significado ainda mais especial por terem sido entregues pessoalmente por Yugo Mabe Junior (@yugojr), neto e filho dos artistas, que visitou a Embaixada no dia 22 de janeiro para entregar as obras.
Agradecemos profundamente a generosidade e a oportunidade de preservar e compartilhar esse legado artístico tão importante. | 駐日ブラジル大使館&#8221; &#8212; WACOCA NEWS" data-secret="QOFvuFJxSy" frameborder="0" marginwidth="0" marginheight="0" scrolling="no" class="wp-embedded-content"></iframe><script type="text/javascript">
/* <![CDATA[ */
/*! This file is auto-generated */
!function(d,l){"use strict";l.querySelector&&d.addEventListener&&"undefined"!=typeof URL&&(d.wp=d.wp||{},d.wp.receiveEmbedMessage||(d.wp.receiveEmbedMessage=function(e){var t=e.data;if((t||t.secret||t.message||t.value)&&!/[^a-zA-Z0-9]/.test(t.secret)){for(var s,r,n,a=l.querySelectorAll('iframe[data-secret="'+t.secret+'"]'),o=l.querySelectorAll('blockquote[data-secret="'+t.secret+'"]'),c=new RegExp("^https?:$","i"),i=0;i<o.length;i++)o[i].style.display="none";for(i=0;i<a.length;i++)s=a[i],e.source===s.contentWindow&&(s.removeAttribute("style"),"height"===t.message?(1e3<(r=parseInt(t.value,10))?r=1e3:~~r<200&&(r=200),s.height=r):"link"===t.message&&(r=new URL(s.getAttribute("src")),n=new URL(t.value),c.test(n.protocol))&&n.host===r.host&&l.activeElement===s&&(d.top.location.href=t.value))}},d.addEventListener("message",d.wp.receiveEmbedMessage,!1),l.addEventListener("DOMContentLoaded",function(){for(var e,t,s=l.querySelectorAll("iframe.wp-embedded-content"),r=0;r<s.length;r++)(t=(e=s[r]).getAttribute("data-secret"))||(t=Math.random().toString(36).substring(2,12),e.src+="#?secret="+t,e.setAttribute("data-secret",t)),e.contentWindow.postMessage({message:"ready",secret:t},"*")},!1)))}(window,document);
//# sourceURL=https://www.wacoca.com/news/wp-includes/js/wp-embed.min.js
/* ]]> */
</script>
